- 10*u**2 + 5*u - 158. What is the tens digit of g(-6)?
0
What is the thousands digit of (-11522)/70*-55 + 0?
9
Suppose 4*b - 18*b = -4312. Let l = -75 + b. What is the tens digit of l?
3
Suppose 10*r - 6*r = -288. Let g = r - -123. Suppose -c + g = -49. What is the hundreds digit of c?
1
Let l = 65202 + 4441. What is the hundreds digit of l?
6
Let m be (-5 + 2 + 4)*-3. Let q(s) = 23*s + 2. Let k be q(m). Let p = 0 - k. What is the tens digit of p?
6
Suppose 3904 = -42*b + 50*b. Suppose b = -10*z - 432. Let w = z + 195. What is the hundreds digit of w?
1
Suppose -30 = 2*x - 5*x + 2*w, -5*x + 3*w = -51. Let s be 15/2*(-8*x)/(-1). Suppose -5*r + 10*r = s. What is the hundreds digit of r?
1
Let j(m) = 2*m**2 + 3*m - 6. Let q be j(-7). Let h(z) = z**2 - z + q*z**2 + 87*z**2 - 33*z**2. What is the hundreds digit of h(1)?
1
Let g be 18/6 + 2761 - -6. Suppose -y = 2*y - 4*i - 1662, 5*y - g = 2*i. What is the hundreds digit of y?
5
Let b(z) = 57*z**2 - 3. Let k be b(3). Suppose -2*a + k = -3*i - 1002, -10 = -5*i. What is the hundreds digit of a?
7
Suppose -913167 = -10*s - 15*s - 100467. What is the hundreds digit of s?
5
Let u be (1 - 1) + (3 - (0 - -499)). Let y = 990 + u. What is the tens digit of y?
9
Suppose -78*v = -63*v - 15. What is the tens digit of v/(-3) + 2/(-3) + 841?
4
Let v be 3/6*(-4 - -10). Let w(u) = 11*u**3 + 5*u**2 - 3*u + 2. What is the units digit of w(v)?
5
Suppose -3*r + 8*r - 14080 = -5*r. What is the hundreds digit of r?
4
Suppose 2*o = 8, 2*w + 4*o = 14 + 10. Let g(d) = 11*d**2 - 33*d + 100. What is the units digit of g(w)?
4
Suppose -4 = a - 0*a, -3*l - 3*a = -30. Suppose -4*j - l*j = -6678. What is the tens digit of j?
7
What is the tens digit of 949/((220/(-30))/(-22))?
4
Let u(h) = -h**3 + 4*h**2 + 30*h - 105. What is the tens digit of u(-21)?
9
Suppose 186*l - 1653832 - 136430 = 24*l. What is the hundreds digit of l?
0
Let n = 165 + -123. What is the units digit of (-4 - (2 - 5)) + n?
1
Let h(y) = -1596*y**3 - 2*y**2 + 2*y + 1. Let u be h(-1). Suppose -3*i + u = -5*v, -7*v = -4*i - 10*v + 2153. What is the units digit of i?
6
Let u = 248 - 156. Suppose -5*a + w = 136, -3*w = 5*a + 41 + 111. Let n = u + a. What is the tens digit of n?
6
Suppose -4*p = -17*p + 221. Suppose -7089 = -p*u + 170. What is the hundreds digit of u?
4
Let d = 12181 - -257. What is the hundreds digit of d?
4
Let k(s) = s**2 - 43*s - 32. Let z be k(19). Let a = 656 + z. What is the hundreds digit of a?
1
Suppose 8*s + 11 = -37. Let o(w) = 16*w**2 + 13*w - 2. What is the hundreds digit of o(s)?
4
Suppose 7*z - 56*z = -2450. Suppose 51 = -5*x - 124. Let f = z + x. What is the tens digit of f?
1
Let z be (64/(-6))/(4/(-12)). Suppose -6*u = -14*u + z. Suppose -14*w - u*w = -1206. What is the units digit of w?
7
Let j(g) = -2*g**2 - 2*g + 4. Let h be j(1). Suppose h = 27*u + 833 - 22541. What is the units digit of u?
4
Suppose 0 = 2*b - 35 + 803. Let g = -210 - b. Let s = g - 108. What is the units digit of s?
6
Let x(f) = 9*f + 7. Let p be x(3). Let l = -32 + p. What is the hundreds digit of l/1 + 141 + -13?
1
Let s = -191 - -277. Let h be (-5 - (-6 - -2))*-3. Suppose 2*w = h*w - s. What is the units digit of w?
6
Let m(i) be the second derivative of 5*i**3/3 + 7*i**2/2 + 14*i. Let c be m(-2). Let r = c + 57. What is the tens digit of r?
4
Let v(w) = 13*w**2 + 2*w + 7. Suppose -3*l + 19 = -26. Let n = l + -19. What is the units digit of v(n)?
7
Let x = -57 + 506. Let s = x + -152. What is the units digit of s?
7
Let r = 97 - 103. Let n(v) = 9*v + 81. What is the tens digit of n(r)?
2
Let i(y) be the third derivative of 83*y**5/60 - 13*y**4/24 - 11*y**3/2 + 3*y**2 + 36. What is the hundreds digit of i(-4)?
3
Let w be ((-2)/8)/(7/(-28532)). Let s = 1428 - w. What is the tens digit of s?
0
Let z = 6525 - -1748. What is the hundreds digit of z?
2
Suppose 10*w - 53 - 57 = 0. Suppose -3*i + w*i + 48 = 0. What is the tens digit of 69 + (i + 4 - -2)?
6
Let h(d) = -d**3 + 4*d**2 + 2*d + 3. Let x(v) = -v**2 + 21. Let q be x(-5). Let m be h(q). Let r = 207 - m. What is the units digit of r?
4
Let i = -37383 - -82083. What is the ten thousands digit of i?
4
What is the thousands digit of 47421/6 - (-315)/210?
7
Suppose -3065 = -4*d + w, 12*w = d + 7*w - 771. What is the hundreds digit of d?
7
Suppose 47*t - 52*t = 6*u - 2294, -5*t = -2*u - 2302. What is the hundreds digit of t?
4
Let o(n) = -n**3 - 4*n**2 - 7*n - 9. Let d be o(-3). What is the tens digit of -1*(-9 + 10) + d*251?
5
Suppose 14*b + 52 - 192 = 0. Suppose b*c = 5*c - 4*m + 265, -c = -4*m - 29. Suppose i - c - 66 = 0. What is the hundreds digit of i?
1
Suppose -91 = -5*n - 4*t - 16, 3*n - 45 = 2*t. Suppose -6 + n = -3*b. What is the tens digit of (87/(-4))/(b - (-135)/48)?
1
Let y = -273 + 49194. What is the ten thousands digit of y?
4
Suppose -102*i = -331*i + 5628362. What is the units digit of i?
8
Suppose 5*w - 4255 = 126925. What is the units digit of w?
6
Let f(p) = -91*p - 3 + 2 + 4. Suppose 0 = -5*y - 185 + 175. What is the tens digit of f(y)?
8
Let m = -25657 - -38322. What is the hundreds digit of m?
6
Let r(v) be the third derivative of 7*v**6/120 - 13*v**3/6 + 83*v**2. What is the tens digit of r(5)?
6
Let q be (11 - -9451) + (3 - 0). Suppose 0 = 22*u - 7*u - q. What is the tens digit of u?
3
Let f be -6*(6 - (-6391)/(-14)). Suppose 0 = -2*s + u - 870 + f, 0 = 4*s - 4*u - 3660. What is the hundreds digit of s?
9
Let l = 121279 - 69674. What is the units digit of l?
5
Suppose 2*o = -m - 9, 0*o + 7 = -3*m - o. Let w be 4/m - (-13 + 9). Suppose w = -6*h - 5*h + 308. What is the units digit of h?
8
Suppose 461829 = 81*s - 90996. What is the units digit of s?
5
Let m = 2534 - 1424. Let k = m - -128. What is the units digit of k?
8
Let d = -15 + 22. Suppose -34 = -3*u - d. Suppose -3*y = u*y - 216. What is the tens digit of y?
1
Let w = 682 - 1348. Let h = 1183 + w. What is the units digit of h?
7
Let v be (300/200)/((-3)/(-8)). Suppose 712 = -7*t + 8*t + v*b, 5*t + b - 3655 = 0. What is the tens digit of t?
3
Suppose -2*c - 3*q + 18 = -q, 0 = 2*c - 3*q + 7. Suppose -c*h + 27 = -h. What is the tens digit of (-4)/(-6) - (-111)/h?
1
Let n(s) = 4699*s**2 + 122*s - 122. What is the units digit of n(1)?
9
What is the thousands digit of (0 - ((11 - 2) + -5527))*(-7)/(-2)?
9
Let t = -1304 + 2101. What is the units digit of t?
7
Let x = -32 + 73. Let q = x - 63. What is the units digit of 358/4 - q/(-44)?
9
What is the ten thousands digit of ((-1685180)/(-110) - (0 + -3)) + 12/66?
1
Let k = -34620 + 59646. What is the tens digit of k?
2
Let y be 16/2 - -3 - 3. Let h(c) = -7 + 14 + y + 3*c. What is the tens digit of h(11)?
4
Let r(w) = 247*w**3 + 17*w - 36. What is the hundreds digit of r(2)?
9
Suppose 5*a - 31480 = -5*z, -5*a = 62*z - 60*z - 31486. What is the thousands digit of a?
6
Let w be -6*-2*(-5)/(-30). Suppose -w*k = -5*m + 2654, 2*k + 1605 = 3*m + 5*k. What is the hundreds digit of m?
5
What is the thousands digit of (3 + -5)*-7609 - (-87 + 78)?
5
Let t = -5374 - -15181. What is the units digit of t?
7
What is the units digit of ((-69353)/(-669))/(1/333)?
1
Suppose -x - 4*o + 7*o = 3, 4*x - o + 56 = 0. Let u(z) = z**3 + 17*z**2 + 15*z - 27. What is the tens digit of u(x)?
9
Suppose 23*r - 5774 + 24 = 0. What is the units digit of (-2202)/(-10) + (-300)/r?
9
Let w = 180 + -180. Suppose 3582 = 9*m - w*m. What is the units digit of m?
8
Suppose -20*b + 65 = -15*b. Let d(c) = 3*c**2 + 19*c + 37. What is the tens digit of d(b)?
9
Suppose -22*x + 70*x - 96 = 0. What is the hundreds digit of (39 + -78)/((-1 + x)/(-13))?
5
Let i be -1*(6 + -1154)/1. Suppose -i - 305 = -4*h + q, -5*q + 337 = h. What is the hundreds digit of h?
3
Let b = 1195 - -684. What is the thousands digit of b?
1
What is the thousands digit of (0/(-5))/(10/(-10)) - (-17229 - 1)?
7
Let v(a) = 156*a**3 + 17*a - 39. What is the units digit of v(3)?
4
Suppose 5*t + 57*t + 91 = 234637. What is the tens digit of t?
8
Suppose -33*g + 2096 = -2887. Let t = g - -189. What is the hundreds digit of t?
3
Let q = -247 + 179. Let m = 189 - q. What is the tens digit of m?
5
Suppose 35*h - 276542 - 200928 = 0. What is the thousands digit of h?
3
Let s be -6*(-8)/12 - 2. Suppose -4*y = -23 + 7. What is the tens digit of ((-7240)/(-35))/y - s/(-7